-25*x**2 - 2369*x + 572. What is c(-95)?
2
Let t(r) = -19*r - 3901. What is t(-207)?
32
Let l(q) = 17946*q + 789745. Give l(-44).
121
Let r(p) = -32861*p - 920103. Calculate r(-28).
5
Let b(y) = 65760*y + 3156475. What is b(-48)?
-5
Let m(g) = -2681*g + 18814. Give m(7).
47
Let q(o) = -6*o**2 - 25*o - 150. What is q(-5)?
-175
Let s(v) = 132335*v + 24614308. Give s(-186).
-2
Let w(v) = -3*v**3 + v**2 + 1281*v + 53. Give w(0).
53
Let c(a) = a**2 - 1433*a - 77209. What is c(-52)?
11
Let l(z) = 7826*z + 24502. Give l(-3).
1024
Let h(r) = r**3 - 39*r**2 - 17785*r + 757364. Give h(43).
5
Let b(t) = -2*t**3 + 160*t**2 + 192*t - 3289. What is b(81)?
-859
Let c(n) = -6*n**2 - 143*n - 1295. Determine c(-8).
-535
Let t(x) = 19*x**3 + 2778*x**2 + 581*x - 349. Calculate t(-146).
89
Let g(k) = -10*k**3 + 3178*k**2 + 1837*k - 381919. Give g(318).
-1
Let h(b) = 79*b - 14700. What is h(187)?
73
Let h(c) = 91*c**2 - 14536*c + 93811. Give h(153).
22
Let d(y) = 111558*y - 223129. Determine d(2).
-13
Let t(y) = -y**3 - 7*y**2 - 10*y - 4. Determine t(11).
-2292
Let k(l) = 303*l - 23621. Calculate k(79).
316
Let p(q) = -249*q - 5362. Determine p(-20).
-382
Let c(m) = 12*m**3 + 743*m**2 - 786*m - 44890. Calculate c(-62).
-2
Let v(o) = -83336*o - 1749943. What is v(-21)?
113
Let j(z) = -z**3 + 7*z**2 - 352*z + 4388. Determine j(12).
-556
Let f(y) = 1903*y**2 + 53293*y + 219. Give f(-28).
-33
Let g(h) = -68*h**2 - 5453*h - 6403. Calculate g(-79).
-4
Let p(y) = -7534*y - 2802662. Give p(-372).
-14
Let a(i) = -18102*i + 307734. What is a(17)?
0
Let g(i) = -2*i**3 - 1961*i**2 + 11838*i + 20. Determine g(6).
20
Let w(l) = l**3 + 18*l**2 - 455*l - 8116. Give w(-22).
-42
Let s(y) = 64324*y + 321629. Calculate s(-5).
9
Let u(f) = -f**3 - 88*f**2 - 238*f + 221. Give u(-85).
-1224
Let i(n) = -21*n**2 + 1676*n + 413. Give i(82).
-3359
Let n(j) = -19*j**2 + 1948*j - 166. Give n(102).
854
Let x(r) = -995*r**2 - 26836*r - 31. Determine x(-27).
-814
Let k(z) = -39*z**3 + 119*z**2 - 18*z + 41. Give k(3).
5
Let m(k) = 12*k**2 + 1789*k + 3606. Give m(-147).
-69
Let r(v) = 632*v**2 - 2808*v + 6. Give r(4).
-1114
Let m(i) = 3*i**3 - 3*i**2 + 29*i + 92. What is m(-5)?
-503
Let f(i) = 2*i**2 - 137*i + 782. What is f(55)?
-703
Let z(c) = c**3 + 25*c**2 + 156*c + 27. Give z(-12).
27
Let a(s) = 11*s**3 - 44*s**2 + 394*s - 1951. Determine a(5).
294
Let i(p) = -59959*p + 2158438. Calculate i(36).
-86
Let x(k) = -323*k - 14976. What is x(-47)?
205
Let b(f) = 6*f**3 - 242*f**2 + 1611*f - 267. Determine b(32).
85
Let x(y) = -y**2 - 1064*y - 278188. Calculate x(-463).
75
Let p(k) = 165268*k + 826356. What is p(-5)?
16
Let o(d) = -5275*d - 162689. Determine o(-31).
836
Let x(t) = -2527*t - 11050. Determine x(-4).
-942
Let y(f) = -224*f - 12847. What is y(-57)?
-79
Let i(r) = r**3 + 2434*r**2 + 569062*r - 595. Give i(-262).
-71
Let b(r) = 91*r**2 + 34526*r - 20527. Calculate b(-380).
-7
Let u(j) = -j**3 - 160*j**2 + 678*j + 30794. Determine u(-163).
-13
Let h(z) = -822*z + 10349. Calculate h(12).
485
Let p(z) = 39936*z - 239616. Calculate p(6).
0
Let a(g) = g**3 - g**2 + 325*g + 955. Give a(-3).
-56
Let v(l) = -l**2 - 776*l - 25240. Give v(-34).
-12
Let o(t) = -3*t**2 + 942*t - 63148. Determine o(217).
-1
Let d(z) = -2*z**2 - 586*z + 9884. Give d(16).
-4
Let w(p) = -2881*p + 204545. Determine w(71).
-6
Let w(f) = f**3 + 44*f**2 - 460*f - 22924. Give w(-42).
-76
Let w(t) = -t**3 - 43*t**2 - 169*t + 6286. What is w(-31)?
-7
Let n(f) = 468*f**2 - 3734*f - 64. Give n(8).
16
Let l(y) = 2*y**3 + 6*y**2 + 109*y + 130. Determine l(-7).
-1025
Let k(c) = -11*c**2 + 2057*c - 6070. Determine k(3).
2
Let z(m) = -18*m**3 + 3692*m**2 - 374*m - 7386. Determine z(205).
-6
Let i(s) = s**3 - 85*s**2 - 34100*s + 336. Give i(-147).
-252
Let x(a) = 47*a**3 + 381*a**2 - 155*a - 1173. Determine x(-8).
387
Let a(t) = 2*t**3 + 19*t**2 - 14*t + 77. Calculate a(4).
453
Let q(v) = 391*v - 12892. What is q(33)?
11
Let u(h) = -6*h**2 + 2564*h + 87202. What is u(459)?
-8
Let k(r) = -r**3 + 215*r**2 + 657*r - 651. Calculate k(218).
3
Let w(a) = -9*a**2 - 1185*a - 14652. Determine w(-118).
-138
Let x(z) = 108*z - 410. What is x(11)?
778
Let f(s) = -2527*s + 159199. Give f(63).
-2
Let w(a) = 876*a + 539. Calculate w(-1).
-337
Let t(p) = 457*p + 6178. What is t(-14)?
-220
Let m(h) = h**2 + 4311*h - 328864. Calculate m(75).
86
Let z(h) = 115600*h - 462519. Give z(4).
-119
Let a(z) = 7*z**2 - 316*z + 180. Determine a(37).
-1929
Let o(n) = -2*n**3 - 38*n**2 - 133*n + 159. Determine o(-14).
61
Let d(g) = g**3 + 34*g**2 - 1081*g - 35877. Determine d(-37).
13
Let n(f) = 1643*f**2 + 157727*f - 83. Give n(-96).
13
Let q(s) = -3*s**3 + 42*s**2 + 33*s + 157. What is q(14)?
619
Let m(d) = 101*d**2 - 117*d + 59. What is m(3)?
617
Let q(y) = y**2 - 16500*y - 231192. What is q(-14)?
4
Let w(m) = 55*m**2 - 129*m - 947. What is w(-7)?
2651
Let m(a) = -a**2 + 2711*a + 126560. Give m(-46).
-262
Let n(b) = 61*b**3 + 97*b**2 + 21*b + 2. What is n(-2)?
-140
Let n(m) = m**2 - 170*m - 1326. Determine n(-8).
98
Let x(a) = -3*a**2 - 202*a + 292. Give x(-69).
-53
Let h(t) = -4*t**2 + 79*t + 452. Give h(-5).
-43
Let k(i) = -6*i**3 + 299*i**2 - 1644*i + 25. Calculate k(6).
-371
Let x(f) = 86*f**2 + 1396*f - 4191. What is x(3)?
771
Let g(q) = 1417*q - 4403. What is g(3)?
-152
Let m(s) = 892*s**2 - 3596*s + 23. What is m(4)?
-89
Let s(g) = 248*g - 20316. Calculate s(82).
20
Let s(i) = -i**2 - 2775*i - 353882. Give s(-134).
12
Let i(d) = -15932*d + 1433918. Determine i(90).
38
Let m(j) = -16*j**2 - 966*j + 335. What is m(-63)?
-2311
Let u(p) = p**3 + 52*p**2 + 65*p + 812. Calculate u(-51).
98
Let d(k) = -1068*k**2 + 17135*k - 787. Calculate d(16).
-35
Let r(i) = -44990*i + 1124743. What is r(25)?
-7
Let m(v) = -13*v**2 - 261*v + 58. What is m(-12)?
1318
Let h(v) = 6638*v + 33195. What is h(-5)?
5
Let d(q) = -19*q**3 + 15*q**2 - 9*q + 14. Give d(4).
-998
Let p(c) = 6*c**3 - 1426*c**2 - 4346*c - 18. Determine p(-3).
24
Let m(u) = 20*u**2 + 3885*u + 23284. Give m(-6).
694
Let q(k) = 117*k - 11103. Determine q(86).
-1041
Let f(k) = -3416*k + 61500. Determine f(18).
12
Let i(v) = -98*v**3 + 10*v**2 + 2*v - 20. Determine i(3).
-2570
Let i(d) = 31*d**3 + 469*d**2 + 1693*d - 16. Give i(-6).
14
Let c(f) = f**2 - 7095*f + 939602. Give c(135).
2
Let f(l) = l**2 + 344*l + 29586. Give f(-182).
102
Let m(w) = -5*w**3 + 13*w**2 + 1153*w - 3421. What is m(3)?
20
Let o(j) = -j**3 - 73*j**2 + 262*j + 1276. Give o(6).
4
Let h(y) = 12*y**2 + 220*y - 27825. Determine h(-58).
-217
Let r(f) = -25*f**2 - 2403*f - 478. Determine r(-96).
-190
Let f(i) = -190*i**2 + 4179*i + 54. What is f(22)?
32
Let c(b) = 11930*b - 5619033. Give c(471).
-3
Let x(t) = -1032*t + 6890. Determine x(6).
698
Let s(d) = 647*d + 9073. Determine s(-14).
15
Let v(j) = 14188*j - 5348867. Determine v(377).
9
Let c(h) = -h**2 - 3293*h - 1139697. What is c(-393)?
3
Let b(d) = -d**2 - 40*d - 706. Calculate b(-41).
-747
Let y(t) = 2*t**3 + 201*t**2 - 1519*t + 100. Give y(7).
2
Let p(f) = 8*f**2 + 60*f - 954. What is p(-16)?
134
Let m(h) = -15*h**2 - 334*h - 635. What is m(-15)?
1000
Let a(t) = -1659*t - 6945. What is a(-4)?
-309
Let r(c) = -5*c**3 + 1332*c**2 - 111*c - 111998. Give r(266).
-12
Let l(x) = 158*x**2 - 7268*x - 23. Determine l(46).
-23
Let r(l) = 837763*l - 5864362. Determine r(7).
-21
Let r(v) = v**2 + 13618*v - 368474. Give r(27).
-59
Let p(l) = -1386138*l - 13861388. Give p(-10).
-8
Let t(w) = w**2 - 234*w - 5893. What is t(-23)?
18
Let n(g) = 7*g**2 + 322*g + 1652. Determine n(-6).
-28
Let b(y) = 308*y + 92400. Calculate b(-300).
0
Let p(y) = -6384*y + 248953. What is p(39)?
-23
Let z(r) = -7*r**2 + 1502*r + 69248. Give z(-39).
23
Let n(k) = -3045*k + 179116. Calculate n(59).
-539
Let d(c) = 2*c**3 - 1089*c**2 + 556*c - 6552. Determine d(544).
-24
Let u(d) = -6605*d - 706769. What is u(-107)?
-34
Let i(w) = -4*w**3 + 33*w**2 - 15*w - 19. Calculate i(9).
-397
Let c(h) = 41*h - 516. Determine c(-16).
-1172
Let g(r) = r**3 + 20*r**2 - 854*r - 453. What is g(21)?
-306
Let a(w) = -187*w**2 + 764*w - 68. Determine a(4).
-4
Let b(d) = -2*d**3 - 393*d**2 - 1359*d - 1591. Give b(-193).
-47
Let i(d) = 455*d**3 - 5*d**2 + 7*d + 12. Determine i(-1).
-455
Let d(v) = v**2 - 49*v - 2657. Give d(82).
49
Let p(u) = 57